s the units digit of i + -1 + 0/(-1)?
4
What is the units digit of 3 + (3 - (-34 + 2))?
8
Let k(q) = q**3 - 7*q**2 + 9*q - 10. What is the units digit of k(6)?
8
Suppose -2*y = -0*y - 10. Suppose y*s + 3*c = -20, 0*s + 14 = -4*s - 2*c. Let j(r) = -13*r + 1. What is the units digit of j(s)?
4
Let r be (-2)/(-8) - 323/(-4). Suppose 258 = 3*u + r. Suppose -5 - u = -4*m. What is the tens digit of m?
1
Suppose -340 = -3*z + 140. What is the units digit of z?
0
Let o(c) = c**3 - 5*c**2 - 3*c - 6. Let w(y) = y**2 - 8*y + 6. Let f be w(8). What is the tens digit of o(f)?
1
Suppose -5*u + 302 = 2. What is the units digit of u?
0
Let h be (0 - (-3 - -13))/(-2). Suppose h*i - 90 = -5*s, -8*s + 3*s - 4*i + 92 = 0. What is the tens digit of s?
2
Let y(q) = q + 1. Let h be y(-1). Suppose 2*t + h = 2. What is the units digit of t?
1
Let c = 228 - 137. What is the units digit of c?
1
Suppose -3*y + 39 = 12. Let g = 16 - y. What is the units digit of g?
7
Let z(b) = b**2 + 10*b + 10. Let i be z(-9). Suppose -4*y = 2*v - y + i, -v - 3*y = 8. What is the units digit of v?
7
Suppose 4*k - 8 = 2*i + 20, -5*k + 4*i + 38 = 0. What is the units digit of k?
6
Suppose 0 = -0*q - 4*q + 4*i + 436, 2*q = -3*i + 228. What is the tens digit of q?
1
Suppose n - 6*n - 35 = 0. Let f = n + 19. What is the units digit of f?
2
Suppose 7 = -5*h + 27. Suppose -7 = h*g - 51. What is the tens digit of g?
1
Let w be 13/5 - 4/(-10). Suppose 0 = w*m - 0*m + 15, -m + 35 = -4*b. Let p = -6 - b. What is the units digit of p?
4
Let j = -3 - -4. Let a = 1 - j. Suppose -2*q + 6 + 2 = a. What is the units digit of q?
4
Suppose -3*z + 0*z + 39 = 0. What is the tens digit of z?
1
Suppose 2*f + 9 = 5*f. Let k be (f - 1) + 10/2. Suppose -5*l - k - 3 = 4*h, 5*l = -2*h. What is the units digit of l?
2
What is the units digit of (9 + -12)/((-6)/44)?
2
Let l(o) = -1 + 3*o + 3 - 3. Let h be l(2). Suppose -8*i = -h*k - 3*i, -k = 5*i - 30. What is the units digit of k?
5
Suppose -5*i + 0*o + 23 = 2*o, -o - 1 = 0. Let z = 1 + 3. Let n = z + i. What is the units digit of n?
9
What is the units digit of (-4 - -1) + 2 - -8?
7
Suppose -5*a = -z - 10, 0 = -0*z - 3*z - 5*a + 50. Let h be (3/((-3)/z))/2. Let o(j) = -j**3 - 3*j**2 + 6*j - 4. What is the tens digit of o(h)?
1
What is the tens digit of (-6)/15 + 651/15?
4
Let h = 5 + -3. Suppose 0 = -4*c + 2*c + h. Suppose -i + 5 = -c. What is the units digit of i?
6
Let j = 11 + -16. Let k(c) = -c**2 - 3*c + 6. Let f be k(j). Let n = 7 + f. What is the units digit of n?
3
Let l be 22/3*3/2. Suppose 0 = 2*i - l - 1. Suppose x = i - 2. What is the units digit of x?
4
Suppose 4*g = 2*p + 169 + 15, 0 = -g - 5*p + 35. What is the units digit of g?
5
Let s(m) = 10*m**2 + m + 1. Let v be s(-1). Let o be (1/1)/(5/v). Let f(p) = 2*p**2 - p - 1. What is the units digit of f(o)?
5
Suppose -2*f + 12 = -4*y + 74, 3*f = -y + 12. Let k be 1*9 - (0 + 1). Suppose 3*d + 3*g - 2*g - y = 0, 0 = d - 4*g + k. What is the units digit of d?
4
Let l(z) = -z**2 + 4*z - 4. Let v be l(4). Let k be (2 - 4) + 1 - v. Suppose 0 = k*x - 6*x + 3. What is the units digit of x?
1
Let q be ((-48)/(-30))/((-1)/(-5)). What is the units digit of 36/16*q/1?
8
Let p = -56 - -136. Suppose -q - p = -3*q. What is the tens digit of q?
4
Suppose -9 = -c - 93. Let a = c - -164. Suppose -6*w = -w - a. What is the tens digit of w?
1
Suppose 0 = -2*k + 3*k - 5. Suppose k*a + 4*c - 76 = -24, a + 4*c = 4. What is the units digit of a?
2
Let m = -67 - -127. Suppose -m = -i - 3*i. What is the units digit of i?
5
Let d(r) = r + 1. Let o be d(0). Let j be (-5)/((2 - o) + -2). Suppose 0 = l - j. What is the units digit of l?
5
Suppose -k + 24 + 12 = 0. Suppose 2*b = v + b + 6, 0 = 5*v + b + k. Let o = v + 16. What is the units digit of o?
9
Let v(p) = 20*p**2 - 2*p - 6. What is the units digit of v(2)?
0
Suppose 3*i + i = 0. Suppose 3*w + w - 68 = i. What is the tens digit of w?
1
What is the units digit of (56/10)/(22/55)?
4
Suppose -209 - 16 = -3*u. Let o = -41 + u. Suppose -7*x + 2*f + o = -3*x, -5*f = -5*x + 55. What is the units digit of x?
6
Let h be (3/6)/((-1)/6). Let d = h + 6. Suppose b = -4*b - 3*t + 25, -d*t = 15. What is the units digit of b?
8
Suppose -5*x + 50 = 5*d, 0 = x - 3*d + 2*d - 2. What is the units digit of x?
6
Let l(g) = g. Let a be l(9). What is the tens digit of (-24)/a*132/(-16)?
2
Let g = -11 - -16. Let y = g - -12. What is the tens digit of y?
1
Let h(f) be the third derivative of -f**6/120 + f**5/12 + f**4/3 - f**3/3 - f**2. Let k = -7 - -13. What is the units digit of h(k)?
0
Suppose -4*f = 4*x - 264, x = f + f - 129. What is the tens digit of f?
6
Let j(h) = h + 6. Let c be j(0). Suppose c*z = 3*z + 60. What is the units digit of z?
0
What is the units digit of (5 - (-3 + -2))*6?
0
Suppose 3*w + 2*q = w, -3*w - 5*q = 0. Let x(h) = 6 + 4*h**2 - 2 + 2 + h**3 + h - 3*h**2. What is the units digit of x(w)?
6
Suppose l = 3*f + 3*l - 128, 5*f = -2*l + 216. What is the units digit of f?
4
Suppose -3*q - 130 = -5*v + 2*q, 47 = 2*v + 3*q. What is the units digit of (45/v)/(12/40)?
6
Let n = -51 - -71. What is the tens digit of n?
2
Let g be (-2)/(4/(-6)) - -20. Let q = g - 4. What is the tens digit of q?
1
Suppose -8 = -3*q - 86. Let v = q + -2. What is the units digit of (-4)/14 + (-36)/v?
1
Let k be (-4)/10 - (-34)/10. Let b(v) = 0 + 2 - 6 - 8 + k*v. What is the tens digit of b(11)?
2
Suppose -v + 99 - 8 = 0. What is the tens digit of v?
9
Let g = -21 + 17. What is the tens digit of 17 + (-3 + 4)*g?
1
Suppose i + 4*y = 22, -6*y = 3*i - 3*y - 57. What is the units digit of i?
8
Let s(p) = 26*p**2 + 16*p - 41. Let t(y) = -9*y**2 - 5*y + 14. Let h(j) = 6*s(j) + 17*t(j). What is the tens digit of h(-6)?
3
Suppose -3 - 5 = 2*m - z, 3*m = -z - 2. What is the tens digit of (-117)/m*2/3?
3
Let z = 90 - -199. What is the units digit of z?
9
Suppose -4*r = -164 - 96. What is the units digit of r?
5
Let l(b) = b**3 - 5*b**2 - 4*b. Let g be 8 - 2/(-3)*-3. What is the units digit of l(g)?
2
Let l(b) = -b**3 + 9*b**2 - 7*b - 1. Let x = -2 + 9. Let a = 15 - x. What is the units digit of l(a)?
7
Let z = 290 + -168. What is the hundreds digit of z?
1
Let t(q) = -3*q**3 + 2*q**2 + 7*q + 10. What is the units digit of t(-4)?
6
Let b = -5 - -6. Suppose -b = 3*k - 25. What is the units digit of k?
8
Let j be (-10)/4*(-2 + -2). Let h = 13 + j. What is the units digit of h?
3
Suppose 0*d = -5*d. Suppose d = y - 18 + 6. What is the units digit of y?
2
Suppose 6 = -2*x, -4*k = -0*k + 5*x - 197. Suppose -2*l = l + u - 69, 0 = -2*l - 3*u + k. What is the tens digit of l?
2
Suppose -2*n - 2*u - 140 = -4*n, 280 = 4*n - 2*u. What is the tens digit of n?
7
Suppose -2*w + 12 = 4*c, -w + 0 = -c + 6. Suppose 11 = 3*i - c. What is the units digit of i?
5
Let f(g) = g**3 - 6*g**2 - g + 4. Let b be f(7). Suppose 3*h - 5*h + b = 0. What is the tens digit of h?
2
Let l = 94 + -76. What is the units digit of l?
8
Suppose -4*g = 3*k - 48, -4*k = -4*g + 14 + 6. What is the tens digit of 12/(-54) - (-110)/g?
1
Let w = 112 - 68. What is the tens digit of w?
4
Let v(l) = -l**3 - 9 + 10*l - 7*l**2 + 2*l**3 - 3*l**2. Let p be v(9). Suppose p = -0*i + i - 8. What is the units digit of i?
8
Let c(h) be the first derivative of h**2 + 9*h + 7. What is the tens digit of c(9)?
2
Suppose -w - 15 = 5*o, 3*w + 11*o - 6*o + 5 = 0. Suppose 7 = 2*z - w. Let m = z - 4. What is the units digit of m?
2
Let i be 2/((-8)/6 - -2). Suppose -4*n + 11 - i = 0. Let u = n + 8. What is the tens digit of u?
1
Suppose 4*z - 5*u + 71 = 0, -4*u - u - 145 = 5*z. Let n = z + 41. What is the tens digit of n?
1
Let d(m) = -6*m + 7. Let q be d(5). Let i = 34 + q. What is the tens digit of i?
1
Suppose 6*z - 92 = 1900. What is the tens digit of z?
3
Suppose 3*f + f - 24 = 0. Suppose -2*u + h - 3*h + 10 = 0, 0 = 4*u - 3*h - f. Suppose u*v - 5*v + 10 = 0. What is the units digit of v?
5
Suppose 5*c + 7 = 62. What is the units digit of c?
1
Suppose -5*f = -11*f + 984. What is the units digit of f?
4
Let r be 0 + 6 + (-2 - 1). Suppose -g + 3*g + v - 53 = 0, -r*v = -4*g + 131. What is the tens digit of g?
2
Let b be 81 - 0*4/12. Suppose 2*d - 4*g = 64, 0*d - 3*d + 3*g = -b. What is the tens digit of d?
2
Let r(x) = -x**2 + 10*x + 1. Let k be r(7). Let s = -14 + k. Suppose n